{"id":1036,"date":"2025-07-19T11:13:40","date_gmt":"2025-07-19T09:13:40","guid":{"rendered":"https:\/\/artsmartiauxpondinois.fr\/?page_id=1036"},"modified":"2025-07-23T21:37:27","modified_gmt":"2025-07-23T19:37:27","slug":"self-defense","status":"publish","type":"page","link":"https:\/\/artsmartiauxpondinois.fr\/index.php\/self-defense\/","title":{"rendered":"Self D\u00e9fense"},"content":{"rendered":"\n<figure class=\"wp-block-image size-full is-resized\"><img loading=\"lazy\" decoding=\"async\" width=\"1280\" height=\"250\" src=\"https:\/\/artsmartiauxpondinois.fr\/wp-content\/uploads\/2025\/07\/Base_Sections-SelfDefense.jpg\" alt=\"Self D\u00e9fense\" class=\"wp-image-1040\" style=\"width:1280px\" srcset=\"https:\/\/artsmartiauxpondinois.fr\/wp-content\/uploads\/2025\/07\/Base_Sections-SelfDefense.jpg 1280w, https:\/\/artsmartiauxpondinois.fr\/wp-content\/uploads\/2025\/07\/Base_Sections-SelfDefense-300x59.jpg 300w, https:\/\/artsmartiauxpondinois.fr\/wp-content\/uploads\/2025\/07\/Base_Sections-SelfDefense-1024x200.jpg 1024w, https:\/\/artsmartiauxpondinois.fr\/wp-content\/uploads\/2025\/07\/Base_Sections-SelfDefense-768x150.jpg 768w\" sizes=\"auto, (max-width: 1280px) 100vw, 1280px\" \/><\/figure>\n\n\n\n<h4 class=\"wp-block-heading has-text-align-center\">La Self-D\u00e9fense, une discipline accessible \u00e0 tous<\/h4>\n\n\n\n<p>De plus en plus pl\u00e9biscit\u00e9e,<strong>\u00a0la Self-D\u00e9fense attire aujourd\u2019hui un public tr\u00e8s vari\u00e9<\/strong>, dont l\u2019objectif commun est d\u2019apprendre \u00e0 se d\u00e9fendre, et ce de mani\u00e8re simple et efficace. Elle est peut-\u00eatre la discipline qui vous correspond\u2026<\/p>\n\n\n\n<h4 class=\"wp-block-heading has-text-align-center\">Qu\u2019est-ce que la Self-D\u00e9fense ?<\/h4>\n\n\n\n<p>-La Self-D\u00e9fense, ou d\u00e9fense personnelle, est\u00a0une pratique ouverte \u00e0 tous les publics, du d\u00e9butant \u00e0 l\u2019expert en arts martiaux, et ce quel que soit le sexe. Il s\u2019agit d\u2019une discipline pr\u00e9paratoire \u00e0 une \u00e9ventuelle agression, dont la gestion de la distance et l\u2019apprentissage de techniques efficaces sont des \u00e9l\u00e9ments cl\u00e9s.<\/p>\n\n\n\n<p>-Celle-ci a pour but <strong>d\u2019apprendre aux pratiquants \u00e0 savoir r\u00e9agir \u00e0 toutes situations potentielles<\/strong>, avec ou sans arme, afin qu\u2019en cas d\u2019agression la r\u00e9ponse soit de l\u2019ordre du r\u00e9flexe spontan\u00e9. L\u2019esprit est de pouvoir se prot\u00e9ger, <strong>mais toujours dans un esprit citoyen et sous couvert de la loi<\/strong>. Il s\u2019agit de pouvoir r\u00e9agir \u00e0 diff\u00e9rents angles d\u2019attaques (de face, de c\u00f4t\u00e9, par derri\u00e8re) ainsi qu\u2019\u00e0 tous types d\u2019assauts (tir\u00e9, pouss\u00e9, \u00e9trangl\u00e9, encercl\u00e9, saisi\u2026). Enfin, l\u2019un des \u00e9l\u00e9ments majeurs de la discipline, est l\u2019apprentissage de la confiance en soi.<\/p>\n\n\n\n<p>-Parmi les avantages que procurent la Self-D\u00e9fense, on trouve le fait de ne pas avoir \u00e0 suivre un apprentissage long, comme dans d\u2019autres arts-martiaux traditionnels. Cette pratique permet de savoir se d\u00e9fendre en puisant dans des techniques du karat\u00e9, du krav maga, du judo et autres.<\/p>\n\n\n\n<p>&#8211;<strong>Gr\u00e2ce \u00e0 une m\u00e9thode simple et efficace, il vous est possible d\u00e8s les premiers cours, d\u2019apprendre des techniques basiques de d\u00e9fense<\/strong>. On peut \u00e9galement apprendre \u00e0 r\u00e9agir en cas d\u2019attaque d\u2019une tierce personne. En effet parmi les \u00e9l\u00e9ments majeurs de l\u2019apprentissage, on retrouve le fait de savoir se d\u00e9saxer, se prot\u00e9ger d\u2019une attaque, mais aussi prot\u00e9ger un tiers.<br><strong>Extraits du site FFK<\/strong><\/p>\n\n\n\n<h4 class=\"wp-block-heading has-text-align-center\">Infos Pratiques<\/h4>\n\n\n\n<p>A partir de 13 ans, tout le monde peut pratiquer. La morphologie, la souplesse ou l\u2019\u00e2ge ne sont pas des entraves \u00e0 la pratique de la self d\u00e9fense. La progression de chacun est \u00e0 son propre rythme dans le respect de tous.<\/p>\n\n\n\n<p>Les cours sont encadr\u00e9s par 2 personnes titulaires d\u2019un dipl\u00f4me f\u00e9d\u00e9ral de la f\u00e9d\u00e9ration fran\u00e7aise de karat\u00e9.<\/p>\n\n\n\n<p>La tenue pour les cours est compos\u00e9e\u00a0d\u2019un tee-shirt \/ pantalon de jogging ou de boxe.<\/p>\n","protected":false},"excerpt":{"rendered":"<p>La Self-D\u00e9fense, une discipline accessible \u00e0 tous De plus en plus pl\u00e9biscit\u00e9e,\u00a0la Self-D\u00e9fense attire aujourd\u2019hui un public tr\u00e8s vari\u00e9, dont l\u2019objectif commun est d\u2019apprendre \u00e0 se d\u00e9fendre, et ce de mani\u00e8re simple et efficace. Elle est peut-\u00eatre la discipline qui vous correspond\u2026 Qu\u2019est-ce que la Self-D\u00e9fense ? -La Self-D\u00e9fense, ou d\u00e9fense personnelle, est\u00a0une pratique ouverte [&hellip;]<\/p>\n","protected":false},"author":1,"featured_media":0,"parent":0,"menu_order":0,"comment_status":"closed","ping_status":"closed","template":"","meta":{"footnotes":""},"class_list":["post-1036","page","type-page","status-publish","hentry"],"blocksy_meta":[],"_links":{"self":[{"href":"https:\/\/artsmartiauxpondinois.fr\/index.php\/wp-json\/wp\/v2\/pages\/1036","targetHints":{"allow":["GET"]}}],"collection":[{"href":"https:\/\/artsmartiauxpondinois.fr\/index.php\/wp-json\/wp\/v2\/pages"}],"about":[{"href":"https:\/\/artsmartiauxpondinois.fr\/index.php\/wp-json\/wp\/v2\/types\/page"}],"author":[{"embeddable":true,"href":"https:\/\/artsmartiauxpondinois.fr\/index.php\/wp-json\/wp\/v2\/users\/1"}],"replies":[{"embeddable":true,"href":"https:\/\/artsmartiauxpondinois.fr\/index.php\/wp-json\/wp\/v2\/comments?post=1036"}],"version-history":[{"count":5,"href":"https:\/\/artsmartiauxpondinois.fr\/index.php\/wp-json\/wp\/v2\/pages\/1036\/revisions"}],"predecessor-version":[{"id":1108,"href":"https:\/\/artsmartiauxpondinois.fr\/index.php\/wp-json\/wp\/v2\/pages\/1036\/revisions\/1108"}],"wp:attachment":[{"href":"https:\/\/artsmartiauxpondinois.fr\/index.php\/wp-json\/wp\/v2\/media?parent=1036"}],"curies":[{"name":"wp","href":"https:\/\/api.w.org\/{rel}","templated":true}]}}

Self Défense

<figure class="wp-block-image size-full is-resized"><img loading="lazy" decoding="async" width="1280" height="250" src="https://artsmartiauxpondinois.fr/wp-content/uploads/2025/07/Base_Sections-SelfDefense.jpg" alt="Self Défense" class="wp-image-1040" style="width:1280px" srcset="https://artsmartiauxpondinois.fr/wp-content/uploads/2025/07/Base_Sections-SelfDefense.jpg 1280w, https://artsmartiauxpondinois.fr/wp-content/uploads/2025/07/Base_Sections-SelfDefense-300x59.jpg 300w, https://artsmartiauxpondinois.fr/wp-content/uploads/2025/07/Base_Sections-SelfDefense-1024x200.jpg 1024w, https://artsmartiauxpondinois.fr/wp-content/uploads/2025/07/Base_Sections-SelfDefense-768x150.jpg 768w" sizes="auto, (max-width: 1280px) 100vw, 1280px" /></figure>



<h4 class="wp-block-heading has-text-align-center">La Self-Défense, une discipline accessible à tous</h4>



<p>De plus en plus plébiscitée,<strong> la Self-Défense attire aujourd’hui un public très varié</strong>, dont l’objectif commun est d’apprendre à se défendre, et ce de manière simple et efficace. Elle est peut-être la discipline qui vous correspond…</p>



<h4 class="wp-block-heading has-text-align-center">Qu’est-ce que la Self-Défense ?</h4>



<p>-La Self-Défense, ou défense personnelle, est une pratique ouverte à tous les publics, du débutant à l’expert en arts martiaux, et ce quel que soit le sexe. Il s’agit d’une discipline préparatoire à une éventuelle agression, dont la gestion de la distance et l’apprentissage de techniques efficaces sont des éléments clés.</p>



<p>-Celle-ci a pour but <strong>d’apprendre aux pratiquants à savoir réagir à toutes situations potentielles</strong>, avec ou sans arme, afin qu’en cas d’agression la réponse soit de l’ordre du réflexe spontané. L’esprit est de pouvoir se protéger, <strong>mais toujours dans un esprit citoyen et sous couvert de la loi</strong>. Il s’agit de pouvoir réagir à différents angles d’attaques (de face, de côté, par derrière) ainsi qu’à tous types d’assauts (tiré, poussé, étranglé, encerclé, saisi…). Enfin, l’un des éléments majeurs de la discipline, est l’apprentissage de la confiance en soi.</p>



<p>-Parmi les avantages que procurent la Self-Défense, on trouve le fait de ne pas avoir à suivre un apprentissage long, comme dans d’autres arts-martiaux traditionnels. Cette pratique permet de savoir se défendre en puisant dans des techniques du karaté, du krav maga, du judo et autres.</p>



<p>&#8211;<strong>Grâce à une méthode simple et efficace, il vous est possible dès les premiers cours, d’apprendre des techniques basiques de défense</strong>. On peut également apprendre à réagir en cas d’attaque d’une tierce personne. En effet parmi les éléments majeurs de l’apprentissage, on retrouve le fait de savoir se désaxer, se protéger d’une attaque, mais aussi protéger un tiers.<br><strong>Extraits du site FFK</strong></p>



<h4 class="wp-block-heading has-text-align-center">Infos Pratiques</h4>



<p>A partir de 13 ans, tout le monde peut pratiquer. La morphologie, la souplesse ou l’âge ne sont pas des entraves à la pratique de la self défense. La progression de chacun est à son propre rythme dans le respect de tous.</p>



<p>Les cours sont encadrés par 2 personnes titulaires d’un diplôme fédéral de la fédération française de karaté.</p>



<p>La tenue pour les cours est composée d’un tee-shirt / pantalon de jogging ou de boxe.</p>

<p>La Self-Défense, une discipline accessible à tous De plus en plus plébiscitée, la Self-Défense attire aujourd’hui un public très varié, dont l’objectif commun est d’apprendre à se défendre, et ce de manière simple et efficace. Elle est peut-être la discipline qui vous correspond… Qu’est-ce que la Self-Défense ? -La Self-Défense, ou défense personnelle, est une pratique ouverte [&hellip;]</p>
